 386 = 3*x. Let g = 323 - x. Let l = 34 - 20. Calculate the greatest common divisor of g and l.
14
Let i be 76/(-3)*(-18)/(-4). Let v(r) = -166*r - 2. Let f be v(1). Let s = i - f. Calculate the greatest common factor of 18 and s.
18
Suppose -6*l - 1202 + 3776 = 0. Calculate the greatest common factor of 39 and l.
39
Suppose 0 = -3*i + 61 + 104. Let q(z) = -3*z**2 + 55*z - 7. Let x be q(18). Calculate the highest common factor of i and x.
11
Suppose -46 = -3*u - 1. Let m = 8 - 3. What is the highest common divisor of m and u?
5
Let b(o) = o**2 - 6*o + 4. Let s be b(2). Let w(x) = -4*x - 3. Let l be w(s). Calculate the highest common factor of 26 and l.
13
Suppose 2*z - 408 = -4*z. Let h = z + -48. Let g(t) = -8*t**3 - t**2 + 3*t + 2. Let m be g(-3). Calculate the highest common divisor of h and m.
20
Let z = -4 + 6. Suppose 4*f - 5*j + 16 = 18, 5*j - 10 = 0. Suppose f*l + 5*w = 37, -4*l + 0*l = -z*w - 6. What is the highest common divisor of l and 44?
4
Suppose -w + 0 + 20 = 0. Suppose -41 + 165 = 2*o - 2*l, -131 = -2*o - 5*l. Suppose 68*s = o*s + 300. Calculate the greatest common divisor of w and s.
20
Suppose 38*b = -98 + 136. Suppose 0 = 4*z - 2*z - 8. Calculate the greatest common divisor of b and z.
1
Suppose 0 = 13*s - 14*s + 5*d + 61, 3*s = 3*d + 231. What is the greatest common divisor of 81 and s?
81
Let t(d) = 3*d**3 - 140*d**2 - 37*d + 74. Let r be t(47). What is the highest common divisor of r and 51?
17
Suppose -3*b + 5*p + 2575 = 0, -3*b = -p + 1198 - 3753. Calculate the highest common divisor of 34 and b.
34
Let f(w) = w**2 - 7*w - 1. Let p be f(6). Let x be (-2)/p - (-4)/(-14). Suppose x = -2*o + 6 + 8. What is the highest common factor of 14 and o?
7
Let p = 456 - 333. What is the greatest common factor of p and 205?
41
Let d be 54/(-15)*(-15)/6. Suppose 8*k - d*k + 8 = 0. Suppose k = s - 3. Calculate the highest common factor of 88 and s.
11
Let p(d) = d**3 - 3*d**2 + 3*d - 4. Let k be p(4). Let y(t) = -t**2 + 20*t - 16. Let l be y(19). What is the greatest common divisor of l and k?
3
Let v(i) = -2*i + 18. Let h be v(8). Let x(g) = -4*g + 3*g**3 - h + 3*g**2 + 0*g**2 + 4. Let c be x(2). What is the highest common factor of c and 75?
15
Let p be 4/18 + (-7041)/(-27). Let g(r) = -92*r + 213. Let f be g(2). Calculate the highest common divisor of f and p.
29
Let d = -5 + 9. Let v = 8 - d. Suppose -3*l + g = -0*l - 47, 5*g = -v*l + 50. Calculate the highest common divisor of l and 120.
15
Let p be (-1)/9 - (-16 - (-750)/54). Calculate the greatest common factor of 3 and p.
1
Let y = 181 - 162. Calculate the greatest common factor of 133 and y.
19
Let l = -235 + 415. Let y = -95 - -155. What is the highest common divisor of l and y?
60
Let f be ((-740)/90 - 2/(-9))/(-1). What is the greatest common divisor of 82 and f?
2
Let y(d) = d**2 - 7*d + 16. Let k = -8 + 19. Let p be y(k). Calculate the highest common factor of 15 and p.
15
Suppose 20 = -8*d + 10*d. Let f = 11 - d. Let v be (f - (-2 - -5)) + 122. What is the greatest common divisor of v and 20?
20
Suppose 19*n - 15 = 18*n + 4*w, -n + 9 = -w. Let i be ((-14)/(-4))/((-2)/(-36)). Calculate the highest common factor of n and i.
7
Let y = 14 + 0. Let n = -26 + y. Let d be 2*2/4 - n. Calculate the greatest common divisor of 26 and d.
13
Let q be 19/(2/(3 + -1)). Let s be 2*(-2 + 34/(-4)). Let l be (-406)/s - 3/9. Calculate the highest common divisor of l and q.
19
Let l be -9*(-2 - 50/6). Suppose -2*w - 22 = t - 4*w, -15 = -3*w. Let g be 9/t - 251/(-4). Calculate the highest common divisor of g and l.
31
Suppose 62*j + 36 = 64*j. Calculate the greatest common divisor of j and 66.
6
Let x(p) be the second derivative of p**4/12 + p**3/3 + 28*p**2 + 16*p. Let n be x(0). What is the greatest common divisor of 84 and n?
28
Let i(z) = 4*z**3 + z**2 + 5*z + 11. Let b be i(5). Calculate the greatest common divisor of b and 33.
33
Let k be (-579)/(-10) - (-13)/130. What is the greatest common divisor of 29 and k?
29
Suppose 0*c - 273 = -3*c. Let f(q) be the first derivative of q**3/3 - q**2/2 + q - 3. Let x be f(-3). Calculate the highest common divisor of c and x.
13
Let m be (-1)/(-2)*(7 - 67). Let o be 12/m*(-11 - -1). What is the greatest common factor of o and 32?
4
Let p be (-12)/(-42) + 444/14. What is the greatest common divisor of p and 288?
32
Let o = 136 - 94. Suppose -4*n = 5*a - 27, -4*a + 5*n = -3*a - 17. What is the highest common divisor of o and a?
7
Let i be -18*(-2 + (-6)/(-4)). Suppose -27*r - 554 = -2255. Calculate the highest common divisor of i and r.
9
Let m(x) = x + 12. Let u be m(9). Suppose 2*y = -3*l + 1 + u, -5*l + 25 = y. Suppose y + 1 = q. What is the highest common factor of 6 and q?
6
Suppose -4*s = 4*f - 5*f + 88, 4*f = 0. Let d be 5*5/25 - s. Calculate the greatest common factor of d and 69.
23
Suppose 265 = 5*s + 5*a, -a = 2 - 1. Let b = s - 26. Suppose -q + b = q. What is the highest common divisor of q and 7?
7
Let k(x) = x + 18. Let v be k(0). Let r(j) = -j**2 - 12*j - 23. Let s be (2 + (-10)/(-15))*-3. Let u be r(s). What is the highest common factor of v and u?
9
Let u = -86 - -184. Calculate the greatest common divisor of u and 2.
2
Let v(z) = 11*z - 4. Let k be v(7). Calculate the highest common factor of 803 and k.
73
Suppose -28*d + 23*d + 90 = 2*w, 2*d - 5*w - 65 = 0. Calculate the greatest common factor of 640 and d.
20
Let c = -26 - -30. Suppose 4*u = -2*f + 268, -c*u - u - 715 = -5*f. What is the highest common divisor of 35 and f?
35
Suppose 0 = 3*f - 5*s - 32, -12 = -4*f + s + 8. Let y be (-16)/56 + 26/(-7). Let w be f/(y/2)*-12. Calculate the greatest common factor of 12 and w.
12
Let a be (64/80)/(1/15). Let r(x) = -x**2 - 2*x + 2. Let j be r(-5). Let m = j + 31. What is the greatest common divisor of m and a?
6
Let j(m) = 2*m**3 + 91*m**2 - 47*m - 43. Let x be j(-46). What is the highest common factor of 183 and x?
3
Suppose 0 = 3*t - 5*g - 14, -3*t + 3*g + 6 + 0 = 0. Let q(x) = 2*x**2 - 2*x - 3. Let m be q(t). Calculate the highest common factor of 279 and m.
9
Let m = 153 + -148. What is the greatest common factor of m and 135?
5
Let d = -34 - -98. Let b = d + -58. Calculate the highest common factor of b and 48.
6
Let t(m) = 2*m**2 + 14*m - 8. Let i be t(-16). What is the highest common factor of 14 and i?
14
Let i(w) = -w**3 - w - 1. Let r be i(-2). Suppose -42 = 6*a - r*a. Suppose -a = -4*h + 26. What is the greatest common factor of h and 2?
2
Let c(t) = t**3 + 17*t**2 - 20*t - 56. Let u be c(-16). Calculate the highest common divisor of 80 and u.
40
Suppose -3*v - 21 = -6. Let m be 3 + 6 + v + (1 - -1). Calculate the greatest common divisor of 9 and m.
3
Let p be (-27 - -48)*(2 - (-16)/14). What is the highest common factor of p and 143?
11
Suppose -8*d = -4*d - 80. What is the highest common factor of d and 1180?
20
Let p be 7/(-42) + (-1939)/(-42). Let f = 30 - 7. Calculate the greatest common factor of f and p.
23
Let z(j) = -j**2 + 13*j - 6. Let o be z(4). Let w be 836/8 + (0 - (-3)/6). Calculate the highest common factor of w and o.
15
Let v(c) be the first derivative of 7*c**2/2 + 7*c - 13. Let d be v(7). What is the greatest common factor of 28 and d?
28
Let h(i) = -3 + i**2 + 11*i - i + 4. Let v be h(-7). Let t be ((-3)/(-2))/((-2)/v). Calculate the highest common factor of 60 and t.
15
Let l(q) = 2*q + 1. Let j(n) = 7*n + 7. Let f(s) = j(s) - 4*l(s). Let x be f(2). What is the greatest common factor of 27 and x?
1
Suppose 0 = 5*n + 2*i - 16, -2*i - 10 = 3*i. Suppose -4*j - 2*b + 12 = -28, -b = -n*j + 40. What is the highest common divisor of 25 and j?
5
Let i = -616 + 1282. What is the greatest common factor of 148 and i?
74
Suppose -4*f = -p - 47, 26*f - 3*p = 12*f + 163. Let k = 6 + 9. Let q = k - 4. What is the highest common divisor of q and f?
11
Let h = 577 - 519. What is the highest common factor of 986 and h?
58
Let n be ((-4)/14)/((-1)/14). Let p(d) = -d**2 - 2. Let b be p(2). Let z = b + 14. Calculate the greatest common factor of n and z.
4
Let j(g) = -g**3 - 54*g**2 + 64*g + 585. Let u be j(-55). Let w be 16/(-3)*(-90)/8. Calculate the highest common factor of u and w.
30
Let i(n) = n**3 - 12*n**2 - 11*n - 25. Let p be i(13). Calculate the greatest common divisor of p and 9.
1
Let c(j) = -7*j + 7. Let